mine x(56).
-3978
Let n(j) = -59*j**2 - 92*j - 184. Determine n(-10).
-5164
Let p(f) = 2*f**2 - 3635*f - 58659. Give p(-16).
13
Let x(q) = q**3 - 32*q**2 + 13228*q - 423308. Determine x(32).
-12
Let r(v) = -4*v**3 + 11*v**2 + 201*v - 730. Calculate r(4).
-6
Let w(r) = -r**2 - 90*r + 1214. What is w(-96)?
638
Let t(m) = 5*m**3 + 136*m**2 + 929*m - 28. Calculate t(-14).
-98
Let t(p) = -p**3 + 443*p**2 - 963*p + 35718. Calculate t(441).
-3
Let c(f) = -7195*f + 1834723. Give c(255).
-2
Let y(u) = -139*u**2 + 5826*u + 457. Give y(42).
-47
Let y(s) = -733*s - 22155. Determine y(-30).
-165
Let i(q) = q**2 - 153*q - 29024. What is i(-111)?
280
Let l(u) = 1634*u**2 + 34321*u + 143. Determine l(-21).
-4
Let p(z) = -71*z**3 + 4678*z**2 + 526*z + 14. Determine p(66).
-118
Let s(a) = -a**2 - 12729*a + 76388. Calculate s(6).
-22
Let u(n) = -18*n**2 - 3314*n - 399. What is u(-184)?
-31
Let i(h) = -h**2 - 68*h + 7698. Determine i(-128).
18
Let a(j) = 127*j + 3090. Give a(-26).
-212
Let y(t) = -38*t**3 - 8*t**2 + 71*t - 137. Give y(3).
-1022
Let q(u) = u**2 + 130*u - 13817. What is q(68)?
-353
Let l(p) = -3*p**3 - 151*p**2 + 938*p + 3. Calculate l(-56).
787
Let q(p) = 72*p**3 + 3*p**2 + 49*p + 51. Calculate q(-1).
-67
Let y(r) = r**2 - 110*r - 1511. Determine y(-12).
-47
Let a(c) = -726*c + 7742. What is a(10)?
482
Let d(x) = 413*x - 33522. What is d(81)?
-69
Let s(r) = -26*r**3 - 7*r**2 - 2773*r - 8299. Determine s(-3).
659
Let z(m) = -2214*m**2 - 44283*m - 59. What is z(-20)?
1
Let z(k) = 11*k**2 - 71*k + 25. Give z(12).
757
Let n(w) = -w**2 + 15783*w - 157926. What is n(10)?
-196
Let i(u) = 3*u**3 + 83*u**2 + 516*u + 161. Determine i(-10).
301
Let g(r) = 6*r**2 - 551*r - 169. Determine g(92).
-77
Let o(m) = m**2 + 209*m + 5480. Give o(-26).
722
Let y(a) = 138*a**2 + 383*a - 33. Determine y(-3).
60
Let a(o) = 559*o + 21245. Give a(-38).
3
Let w(h) = -509*h - 23361. Give w(-46).
53
Let m(c) = -5*c**3 - 19*c**2 - 1681*c - 11818. Determine m(-7).
733
Let u(p) = 24*p + 2072. Determine u(-36).
1208
Let u(t) = -46*t**2 + 461*t - 312. Give u(10).
-302
Let r(n) = 2*n**3 - 342*n**2 + 232*n - 39680. Give r(171).
-8
Let r(q) = 5*q**2 + 301*q + 272. Give r(-55).
-1158
Let v(r) = 9*r**3 - 1211*r**2 - 542*r - 48. Determine v(135).
-318
Let a(u) = -831*u + 30095. Calculate a(35).
1010
Let k(b) = 17*b**3 + 7*b**2 - 34*b + 16. Determine k(1).
6
Let j(v) = 13*v**3 + 79*v**2 - 14*v - 26. Give j(-6).
94
Let n(z) = -z**2 - 871664*z - 5229961. Calculate n(-6).
-13
Let f(j) = 3*j**3 - 27*j**2 - 49*j + 274. What is f(10)?
84
Let k(m) = -2*m**2 + 300*m + 11486. Calculate k(181).
264
Let g(k) = 2*k**2 + 23*k + 82. What is g(-14)?
152
Let r(w) = 27*w**2 + 623*w + 1087. What is r(-21)?
-89
Let r(q) = q**3 - 210*q**2 - 5*q + 1043. Calculate r(210).
-7
Let q(l) = l**2 - 3750*l - 978771. What is q(-245)?
4
Let t(o) = -o**3 + 74*o**2 + 60*o + 110. Give t(75).
-1015
Let v(u) = 2*u**3 + 120*u**2 + 762*u - 1329. Calculate v(-9).
75
Let k(u) = -2260*u - 4114. Calculate k(-2).
406
Let w(x) = x**3 + 218*x**2 + 7523*x - 334. What is w(-175)?
16
Let d(j) = -j**3 - 19*j**2 + 134*j + 2702. Determine d(-19).
156
Let c(t) = 3*t**2 - 2362*t + 73243. Calculate c(32).
731
Let t(f) = -258*f**2 - 285*f - 283. Calculate t(-1).
-256
Let u(l) = -3*l**2 + 2120*l + 2147. Determine u(-1).
24
Let n(y) = -19*y**3 + 242*y**2 - 18*y + 1081. Calculate n(13).
2
Let f(d) = d**3 + 85*d**2 - 842*d + 1023. Determine f(-94).
647
Let l(p) = 1915*p + 13255. Determine l(-8).
-2065
Let r(i) = 20706*i + 165669. Calculate r(-8).
21
Let q(x) = -87*x**2 + 1419*x + 9842. Calculate q(-7).
-4354
Let y(k) = 168*k + 7243. What is y(-45)?
-317
Let t(q) = -q**3 + 33*q**2 - 248*q + 213. What is t(9)?
-75
Let l(d) = -d**2 + 1487*d + 7418. Calculate l(-5).
-42
Let o(q) = -7*q**3 + 575*q**2 - 71*q - 760. Give o(82).
142
Let b(y) = -y**2 - 67*y - 976. What is b(-42)?
74
Let w(a) = -47*a**3 - 8*a**2 - 324*a + 335. Calculate w(1).
-44
Let l(n) = -6*n**3 + 2662*n**2 - 31086*n + 6. Give l(12).
-66
Let p(f) = -8*f**2 + 95*f - 54. Determine p(10).
96
Let g(o) = -15*o - 806. Give g(-1).
-791
Let y(p) = -1182*p + 124121. What is y(105)?
11
Let v(a) = a**3 + 135*a**2 - 4584*a - 2939. Determine v(-163).
321
Let o(s) = s**2 - 10901*s - 3. Calculate o(0).
-3
Let o(r) = -r**2 - 919*r - 26176. What is o(-30)?
494
Let u(q) = 35*q - 5519. What is u(158)?
11
Let s(a) = 23930*a + 502500. Determine s(-21).
-30
Let q(s) = 683*s + 64924. What is q(-95)?
39
Let z(x) = 142*x**2 - 7815*x + 40. Calculate z(55).
-235
Let q(r) = 456430*r + 456425. Give q(-1).
-5
Let u(w) = -729*w - 7586. Determine u(-10).
-296
Let s(g) = -g**3 + 725*g**2 + 3652*g - 1411. Determine s(730).
49
Let z(k) = -k**3 + 331*k**2 + 2038*k - 5317. Calculate z(337).
75
Let y(w) = w**3 + 15*w**2 - 344*w + 1307. Determine y(8).
27
Let d(a) = 19383*a - 136443. Determine d(7).
-762
Let m(l) = 272*l**2 + 1371*l + 3. Give m(-5).
-52
Let x(o) = 24*o**3 - 144*o**2 + 215*o + 4. What is x(3)?
1
Let k(m) = -505*m - 23794. Give k(-47).
-59
Let r(c) = -81011*c - 567076. Calculate r(-7).
1
Let i(w) = w**3 + 11*w**2 + 11*w - 17. Determine i(9).
1702
Let w(n) = -22584*n - 180683. Give w(-8).
-11
Let l(x) = x**3 - 1460*x**2 - 2418*x - 739772. Calculate l(1462).
0
Let s(l) = -l**2 + 71*l + 3748. Determine s(-41).
-844
Let y(a) = -a**3 + 14*a**2 - 85*a - 525. Determine y(-7).
1099
Let g(o) = 2*o**2 + 81*o + 148. Give g(-38).
-42
Let i(o) = 6828*o - 259466. What is i(38)?
-2
Let c(t) = t**3 + 2677*t - 46937. Give c(16).
-9
Let n(l) = 2*l**2 - 932*l - 3723. Give n(471).
987
Let p(x) = -x**3 - 65*x**2 - 1504*x - 20165. Give p(-40).
-5
Let w(y) = -6*y**3 - 10016*y**2 - 188144*y - 112. What is w(-19)?
2
Let b(i) = i**3 - 14*i**2 - 494*i + 604. Determine b(-17).
43
Let a(z) = 85697*z - 514194. Give a(6).
-12
Let c(o) = o**3 - 12*o**2 - 10*o + 21. Determine c(9).
-312
Let d(h) = -6*h**2 - 151*h + 168. Determine d(-29).
-499
Let j(h) = -72*h**3 + 10*h - 15. What is j(2)?
-571
Let m(j) = 1262*j + 23778. Give m(-19).
-200
Let t(r) = -r**2 + 170*r + 13347. Determine t(-60).
-453
Let o(x) = -11*x**2 + 165*x - 508. Give o(11).
-24
Let g(h) = -2*h**2 - 64*h - 248. Calculate g(-31).
-186
Let b(f) = -14*f**3 + 416*f**2 - 255*f - 1003. Give b(29).
12
Let q(k) = -k**2 + 23*k - 659. Calculate q(10).
-529
Let y(a) = -a**2 + 237971*a - 21409282. What is y(90)?
8
Let i(x) = -x**3 + 622*x**2 + 4352*x - 340. Determine i(-7).
17
Let a(y) = -169*y + 12811. Determine a(90).
-2399
Let b(l) = 2*l**3 + 68*l**2 - 36*l - 461. What is b(-34)?
763
Let k(y) = 66078*y + 1850175. Calculate k(-28).
-9
Let o(x) = 12*x**3 - 738*x**2 + 7567*x - 20. Determine o(13).
-7
Let k(c) = -c**2 + 7*c + 2339. Determine k(55).
-301
Let p(c) = 134*c - 18283. Calculate p(139).
343
Let n(t) = 314281*t - 6599914. Give n(21).
-13
Let i(l) = -l**3 - 703*l**2 - 6925*l + 3481. Determine i(-693).
16
Let b(s) = 4*s**2 + 4857*s - 691625. Determine b(-1343).
20
Let f(n) = n**3 - 24*n**2 + 35*n - 322. Give f(6).
-760
Let k(t) = 57390*t + 14978805. Calculate k(-261).
15
Let j(l) = 43*l**2 - 84*l - 25. Calculate j(7).
1494
Let x(u) = u**3 + 61*u**2 + 393*u - 324. What is x(-8)?
-76
Let w(p) = 3844*p + 138363. Calculate w(-36).
-21
Let i(q) = -26674*q - 80066. Calculate i(-3).
-44
Let f(q) = -q**2 - 130*q + 636. Determine f(-134).
100
Let y(x) = 29*x**2 + 319*x + 41. Calculate y(-13).
795
Let w(f) = -11*f**3 + 344*f**2 - 954*f - 1496. Calculate w(28).
16
Let q(g) = -g**3 + 64*g**2 + 459*g - 4838. Give q(6).
4
Let i(f) = -76*f**2 - 12586*f + 4987. Calculate i(-166).
7
Let i(k) = 10661*k - 223888. What is i(21)?
-7
Let g(t) = 18*t**2 + 2453*t + 10166. Determine g(-132).
2
Let j(p) = p**3 + 39*p**2 + 5134*p + 200195. Calculate j(-39).
-31
Let u(k) = 11*k**3 + 46*k**2 - 1308*k - 14. Determine u(9).
-41
Let i(j) = -3219*j - 61190. Determine i(-19).
-29
Let p(g) = 43*g**2 + 6460*g + 51719. Calculate p(-8).
2791
Let p(c) = 36*c**2 - 749*c - 70. What is p(20)?
-650
Let v(r) = -r**3 - 32*r**2 - 175*r - 224. What is v(-2)?
6
Let r(t) = t**3 + 142*t**2 + 4717*t - 5. Determine r(-89).
-5
Let n(i) = -9*i**2 - 218*i - 277. What is n(-23)?
-24
Let a(d) = 2*d**3 + 691*d**2 - 39099*d + 2383. Determine a(-395).
13
Let f(d) = -4*d**2 + 1714*d - 175247. Calculate f(260).
-7
Let x(q) = -q**3 + 11*q**